{"id":153,"date":"2023-01-22T23:08:48","date_gmt":"2023-01-22T22:08:48","guid":{"rendered":"https:\/\/ganuchaud.fr\/grenier\/?page_id=153"},"modified":"2024-06-16T22:16:24","modified_gmt":"2024-06-16T20:16:24","slug":"schola","status":"publish","type":"page","link":"https:\/\/www.ganuchaud.fr\/grenier\/schola\/","title":{"rendered":"Les activit\u00e9s musicale de Georges Ganuchaud"},"content":{"rendered":"\n<p class=\"has-text-align-center has-accent-background-color has-background has-larger-font-size\"><strong>\u00c0 compl\u00e9ter.<\/strong><\/p>\n\n\n\n<h2 class=\"wp-block-heading alignwide has-text-align-center has-accent-color has-text-color\">Le Quintette et Chorale du Mercredi<\/h2>\n\n\n\n<div class=\"wp-block-columns is-layout-flex wp-container-core-columns-is-layout-9d6595d7 wp-block-columns-is-layout-flex\">\n<div class=\"wp-block-column is-layout-flow wp-block-column-is-layout-flow\" style=\"flex-basis:33.33%\">\n<figure class=\"wp-block-image size-full is-style-rounded\"><img loading=\"lazy\" decoding=\"async\" width=\"169\" height=\"201\" src=\"https:\/\/ganuchaud.fr\/grenier\/wp-content\/uploads\/2023\/01\/Grenouille.jpg\" alt=\"\" class=\"wp-image-202\"\/><\/figure>\n<\/div>\n\n\n\n<div class=\"wp-block-column is-layout-flow wp-block-column-is-layout-flow\" style=\"flex-basis:66.66%\">\n<p>Membres du Quintette identifi\u00e9s (par \u00e2ge d\u00e9croissant ou ordre alphab\u00e9tique) :<\/p>\n\n\n\n<ul class=\"wp-block-list\">\n<li>Pierre (Pitre) Ganuchaud (1853-1924)<\/li>\n\n\n\n<li>Georges Ganuchaud (1855-1940)<\/li>\n\n\n\n<li>Marie Ganuchaud (1857-1945), n\u00e9e Foullonneau<\/li>\n\n\n\n<li>Joseph Bougo\u00fcin (1860-xxxx)<\/li>\n\n\n\n<li>Mme \u00c9dith Bougo\u00fcin<\/li>\n\n\n\n<li>\u00c9tienne Bougo\u00fcin<\/li>\n\n\n\n<li>Mlle Genevi\u00e8ve Delano\u00eb<\/li>\n\n\n\n<li>Mlle Germaine Pelletier<\/li>\n\n\n\n<li>Fernand Voruz<\/li>\n\n\n\n<li>Mlle Fernande Voruz<\/li>\n\n\n\n<li>Paul Voruz<\/li>\n<\/ul>\n<\/div>\n<\/div>\n\n\n\n<h3 class=\"wp-block-heading\">Historique de la Soci\u00e9t\u00e9<\/h3>\n\n\n\n<p class=\"has-drop-cap\">La soci\u00e9t\u00e9 musicale qui devait prendre, dans des temps futurs, le nom glorieux de \u00ab&nbsp;<strong>Quintette et Chorale du Mercredi&nbsp;<\/strong>\u00bb eut ses origines dans des r\u00e9unions musicales qui se tenaient depuis 1878 chez M.&nbsp;Fernand Voruz demeurant rue des Coul\u00e9es.<\/p>\n\n\n\n<p>Messieurs Ganuchaud, Delano\u00eb, Radigois et Voruz composaient ce premier noyau d\u2019amateurs. Ces soir\u00e9es musicales comprenaient alors exclusivement l\u2019ex\u00e9cution de musique classique. Beethoven, Mozart, Mendelssohn, et tutti quanti, \u00e9taient les seuls ma\u00eetres qui livraient leurs \u0153uvres \u00e0 l\u2019admiration des profanes. Chaque ann\u00e9e, la soci\u00e9t\u00e9 pr\u00eatait son gracieux concours \u00e0 un concert donn\u00e9 \u00e0 l\u2019\u00e9cole S<sup>te<\/sup>&nbsp;Anne, au profit d\u2019une \u0153uvre int\u00e9ressante. Les morceaux ex\u00e9cut\u00e9s dans ces circonstances \u00e9taient mis au niveau de l\u2019auditoire, et on faisait entendre des ouvertures d\u2019Op\u00e9ras et des \u0153uvres qui n\u2019avaient rien de Wagn\u00e9rien, telles que \u00ab&nbsp;Po\u00ebte et paysan&nbsp;\u00bb de <a href=\"https:\/\/fr.wikipedia.org\/wiki\/Franz_von_Supp%C3%A9\">Supp\u00e9<\/a>.<\/p>\n\n\n\n<p>En 1886, M.&nbsp;Voruz eut l\u2019heureuse id\u00e9e de donner chez lui \u00e0 Beau-S\u00e9jour, un grand concert instrumental et vocal, qui promit d\u2019appr\u00e9cier le talent de M<sup>me<\/sup>&nbsp;Delano\u00eb, qui jusqu\u2019alors n\u2019avait rempli que le modeste r\u00f4le d\u2019accompagnateur. C\u2019est \u00e0 ce moment que M<sup>me<\/sup>&nbsp;Pelletier fit son entr\u00e9e brillante dans la soci\u00e9t\u00e9 qui s\u2019augmenta encore, dans la suite, de M<sup>me<\/sup>&nbsp;Ganuchaud et M<sup>lle<\/sup>&nbsp;Voruz.<\/p>\n\n\n\n<p>Ce concert fut des plus brillants, tant par l\u2019\u00e9l\u00e9gante composition de l\u2019auditoire que par le talent des artistes&nbsp;; c\u2019est de lui que l\u2019on peut faire partir la constitution d\u00e9finitive du quintette et de la chorale.<\/p>\n\n\n\n<p>Le programme \u00e9tait le suivant&nbsp;:<\/p>\n\n\n\n<p>[PROGRAMME EN PIECE JOINTE]<\/p>\n\n\n\n<p>Tous les morceaux furent indistinctement l\u2019objet d\u2019ovations m\u00e9rit\u00e9es pour tous les artistes. La partie comique de la soir\u00e9e \u00e9tait confi\u00e9e \u00e0 M.&nbsp;Pergelin qui s\u2019en acquitta avec le talent que l\u2019on sait, et dont la bonne volont\u00e9 fut plusieurs fois mise \u00e0 contribution dans des r\u00e9unions post\u00e9rieures. Enfin, ce fameux concert termin\u00e9, on juge de l\u2019empressement fi\u00e9vreux de tous les artistes pour un souper qui devait les r\u00e9unir&nbsp;; mais le public ne se retirant pas, il ne resta plus qu\u2019un moyen&nbsp;: sortis par une porte, les artistes rentr\u00e8rent par la fen\u00eatre.<\/p>\n\n\n\n<p class=\"has-drop-cap\">\u00c0 partir de cette soir\u00e9e, le programme de la soci\u00e9t\u00e9 se d\u00e9veloppe&nbsp;; \u00e0 c\u00f4t\u00e9 de la musique \u00e0 cordes qui avait r\u00e9gn\u00e9 sans contestation jusqu\u2019\u00e0 pr\u00e9sent, se d\u00e9veloppe la partie chorale, lyrique et humoristique, et parall\u00e8lement aux deux, la partie gastronomique fait son apparition. Cette derni\u00e8re tient m\u00eame bient\u00f4t une place importante qu\u2019on ne peut lui contester. Les go\u00fbts musicaux se modernisent&nbsp;; les ma\u00eetres du si\u00e8cle pass\u00e9 sont un peu d\u00e9laiss\u00e9s et le quintette se lance dans l\u2019ex\u00e9cution des \u0153uvres de <a href=\"https:\/\/fr.wikipedia.org\/wiki\/Johannes_Brahms\">Brahms<\/a>, <a href=\"https:\/\/fr.wikipedia.org\/wiki\/Ren%C3%A9_de_Boisdeffre\">Boisdeffre<\/a>, <a href=\"https:\/\/fr.wikipedia.org\/wiki\/Anton_Rubinstein\">Rubinstein<\/a>, <a href=\"https:\/\/fr.wikipedia.org\/wiki\/Heinrich_Hofmann_(compositeur)\">Hofmann<\/a>, Gradenne, <a href=\"https:\/\/fr.wikipedia.org\/wiki\/Salomon_Jadassohn\">Jadassohn<\/a>, Hess (NdFGa&nbsp;: Adolph Hesse?], etc.&nbsp;; la soci\u00e9t\u00e9 chorale, dont M<sup>me<\/sup>&nbsp;Pelletier devint l\u2019\u00e2me et la grande pr\u00eatresse, fait conna\u00eetre les beaut\u00e9s lyriques \u00e0 l\u2019ordre du jour&nbsp;; les modestes coryph\u00e9es abordent le r\u00e9pertoire du Grand Op\u00e9ra et produisent avec un succ\u00e8s toujours nouveau des ex\u00e9cutions difficiles, telles que le quatuor de Faust etc. Il n\u2019est pas jusqu\u2019au r\u00e9pertoire fin de si\u00e8cle qui ne soit mis \u00e0 contribution&nbsp;: <a href=\"https:\/\/fr.wikipedia.org\/wiki\/Paulus_(chanteur)\">Paulus<\/a> n\u2019a bient\u00f4t plus de secrets pour la soci\u00e9t\u00e9, et l\u2019on entend souvent dans une s\u00e9ance \u00ab&nbsp;<a href=\"https:\/\/gallica.bnf.fr\/ark:\/12148\/bpt6k5696812r\/f3.item\">la petite boiteuse d\u2019Alen\u00e7on<\/a>&nbsp;\u00bb succ\u00e9der \u00e0 la romance du \u00ab&nbsp;<a href=\"https:\/\/www.youtube.com\/watch?v=lTxB26cPero\">roi de Thul\u00e9<\/a>&nbsp;\u00bb de la damnation, les os de Berlioz doivent d\u2019entrechoquer dans leur sarcophage \u00e0 cette promiscuit\u00e9, tant pis pour eux&nbsp;; la ga\u00eet\u00e9 aura toujours ses droits dans le pays des Gaules.<\/p>\n\n\n\n<p>Nous disions tout-\u00e0-l\u2019heure que la partie gastronomique naquit un jour de la partie musicale. En effet, les r\u00e9unions devenues plus nombreuses, resserr\u00e8rent les liens unissant les membres du quintette et de la chorale&nbsp;; les relations devinrent plus assidues, et les modestes th\u00e9s d\u2019antan se transform\u00e8rent en d\u00e9licats soupers. Bient\u00f4t de nombreuses parties de campagne viennent entretenir, pendant la belle saison, les relations qu\u2019interrompt momentan\u00e9ment la cessation des r\u00e9unions musicales. L\u2019estomac, si\u00e8ge de la bonne humeur, r\u00e9clame ses droits&nbsp;; des d\u00eeners, o\u00f9 r\u00e8gne la plus franche ga\u00eet\u00e9, et dont les menus auraient re\u00e7u l\u2019assentiment de Monselet, cet autre nantais d\u2019\u00e9picurienne m\u00e9moire, sont pr\u00e9texte \u00e0 augmenter les r\u00e9unions.<\/p>\n\n\n\n<p>Plusieurs excursions ont fait \u00e9poque dans l\u2019histoire du quintette et, rappelant de charmants souvenirs, leur r\u00e9cit a sa place marqu\u00e9e dans cet historique.<\/p>\n\n\n\n<p>C\u2019est d\u2019abord une promenade en bateau ayant pour but la Haute-Rivi\u00e8re, qui fut troubl\u00e9e par un violent orage&nbsp;; une seconde excursion dans la m\u00eame propri\u00e9t\u00e9, cette fois en v\u00e9locip\u00e8des. Cette partie fut marqu\u00e9e par un incident&nbsp;; un des membres bien connu sous le nom de \u00ab&nbsp;<em>vieux chasseur<\/em>&nbsp;\u00bb peu expert encore dans l\u2019art de la p\u00e9dale, fut transform\u00e9 en v\u00e9ritable fontaine et de nombreuses irrigations coulant de sa v\u00e9n\u00e9rable t\u00eate, caus\u00e8rent des d\u00e9gradations \u00e0 la route nationale, ce qui faillit amener des d\u00e9sagr\u00e9ments avec l\u2019administration des Ponts et Chauss\u00e9es. \u00c0 cette excursion, la photographie fait pour la premi\u00e8re fois son apparition, M.&nbsp;Voiruz, digne adepte de l\u2019art des Niepce et des Daguerre, prend le clich\u00e9 de la bande cycliste. D\u00e8s lors, il n\u2019y aura plus de parties, plus de d\u00eeners sans qu\u2019\u00e0 un moment donn\u00e9 on ne voit appara\u00eetre le susdit op\u00e9rateur avec sa bo\u00eete \u00e0 coulisses tra\u00e7ant ainsi \u00e0 coups de produits chimiques l\u2019histoire de la soci\u00e9t\u00e9, et laissant aux races futures le souvenir de nos agapes fraternelles et de nos solennit\u00e9s musicales.<\/p>\n\n\n\n<p>En 1887, M.&nbsp;et M<sup>me<\/sup> Delano\u00eb offrirent \u00e0 leurs coll\u00e8gues un royal festin, C\u00f4t\u00e9 S<sup>t<\/sup>&nbsp;S\u00e9bastien, dans l\u2019\u00e9tablissement de la m\u00e8re Piraud, bien connue des promeneurs nantais. Dans une vaste salle situ\u00e9e dans les combles \u00ab&nbsp;sur un tapis de Turquie, le couvert se trouva mis&nbsp;\u00bb. Ce d\u00eener est rest\u00e9 dans toutes les m\u00e9moires, tant en raison de la composition exquise du menu, que de l\u2019amabilit\u00e9 des amphitryons, et il inaugure dignement ce que l\u2019on peut appeler l\u2019\u00e8re des grands d\u00eeners.<\/p>\n\n\n\n<p>En 1889, la chorale recrute deux nouveaux charmants soci\u00e9taires de Bruxelles en Brabant savez-vous&nbsp;? La soci\u00e9t\u00e9 fait son petit Louis XIV et \u00e0 l\u2019instar de ce potentat qui clamait \u00ab&nbsp;<a href=\"https:\/\/www.herodote.net\/16_novembre_1700-evenement-17001116.php\">il n\u2019y a plus de Pyr\u00e9n\u00e9es<\/a>&nbsp;\u00bb, elle peut s\u2019\u00e9crier&nbsp;: \u00ab&nbsp;il n\u2019y a plus de fronti\u00e8res&nbsp;\u00bb car apr\u00e8s avoir admis dans son sein deux sujets de L\u00e9opold, elle recueillera l\u2019ann\u00e9e suivante, sous l\u2019ombre de sa banni\u00e8re, une blonde enfant du nouveau monde et un franco-japonais. Le voyage de M.&nbsp;et M<sup>me<\/sup> Bernier, qui eut lieu \u00e0 No\u00ebl 1889, fut l\u2019occasion d\u2019une s\u00e9rie ininterrompue de d\u00eeners et de r\u00e9visions musicales extraordinaires, auxquelles M.&nbsp;Pergeline voulut bien apporter le concours de sa bonne humeur, et y pr\u00e9senta divers animaux de sa m\u00e9nagerie&nbsp;; entre autres, une cigogne et une anguille remarquables par leur agilit\u00e9.<\/p>\n\n\n\n<p>En 1890, MM. Ganuchaud invit\u00e8rent le quintette \u00e0 la plantation de cr\u00e9maill\u00e8re \u00e0 la Claverie. Cette r\u00e9ception, des plus brillantes, fut rehauss\u00e9e encore par la pr\u00e9sence des autorit\u00e9s&nbsp;: M.&nbsp;le Cur\u00e9 et M.&nbsp;le Maire vinrent en effet souhaiter la bienvenue aux nouveaux propri\u00e9taires, et la fanfare de l\u2019endroit inonda le parc des flots de son harmonie&nbsp;; seul, le soleil bouda et ne voulut pas \u00eatre de la partie, ce qui n\u2019emp\u00eacha pas le photographe attitr\u00e9 de la soci\u00e9t\u00e9, de prendre une vue d\u2019ensemble. Mentionnons \u00e0 cette f\u00eate la pr\u00e9sence de M<sup>me<\/sup>&nbsp;Desbois qui ne fit que passer dans la soci\u00e9t\u00e9, mais qui y laissa de gais souvenirs. Avant son d\u00e9part pour Vannes, elle offrit \u00e0 la joyeuse bande un d\u00eener d\u2019adieu auquel on peut donner les qualificatifs de gargantuesque et de hom\u00e9rique&nbsp;; il suffit de rappeler entre autres incidents, ces danses expressives mim\u00e9es par certain magistrat consulaire, travesti pour la circonstance en belle Fathma.<\/p>\n\n\n\n<p>Il serait peut-\u00eatre temps d\u2019arr\u00eater ici cette narration oiseuse. Malgr\u00e9 ses longueurs, elle laisse dans l\u2019oubli quantit\u00e9 de faits importants, mais les nombreux artistes dont se compose la soci\u00e9t\u00e9 r\u00e9clament leur place sur les feuillets du pr\u00e9sent \u00ab&nbsp;livre d\u2019or&nbsp;\u00bb. \u00c0 la premi\u00e8re page, le camarade Pelletier a \u00e9tal\u00e9 toutes les couleurs de sa palette d\u2019aquarelliste, et dans une composition savante, d\u2019un dessin original, a group\u00e9 d\u2019une fa\u00e7on harmonieuse les attributs de la soci\u00e9t\u00e9. \u00c0 la suite de cette notice, on trouvera un \u00e9chantillon du laboratoire photographique Voruz&nbsp;; cette \u00e9preuve prise le soir, au cours d\u2019une r\u00e9ception, pr\u00e9sente le portrait de tous les membres de la soci\u00e9t\u00e9.<\/p>\n\n\n\n<p>Voyez et jugez&nbsp;!<\/p>\n\n\n\n<p><em>Le Secr\u00e9taire&nbsp;: Joseph Bougo\u00fcin.<\/em><\/p>\n\n\n\n<figure class=\"wp-block-image alignwide size-full\"><a href=\"https:\/\/www.ganuchaud.fr\/grenier\/wp-content\/uploads\/2023\/01\/2_PortraitCollectif-scaled.jpg\"><img loading=\"lazy\" decoding=\"async\" width=\"2560\" height=\"2017\" src=\"https:\/\/ganuchaud.fr\/grenier\/wp-content\/uploads\/2023\/01\/2_PortraitCollectif-scaled.jpg\" alt=\"\" class=\"wp-image-197\" srcset=\"https:\/\/www.ganuchaud.fr\/grenier\/wp-content\/uploads\/2023\/01\/2_PortraitCollectif-scaled.jpg 2560w, https:\/\/www.ganuchaud.fr\/grenier\/wp-content\/uploads\/2023\/01\/2_PortraitCollectif-300x236.jpg 300w, https:\/\/www.ganuchaud.fr\/grenier\/wp-content\/uploads\/2023\/01\/2_PortraitCollectif-1024x807.jpg 1024w, https:\/\/www.ganuchaud.fr\/grenier\/wp-content\/uploads\/2023\/01\/2_PortraitCollectif-768x605.jpg 768w, https:\/\/www.ganuchaud.fr\/grenier\/wp-content\/uploads\/2023\/01\/2_PortraitCollectif-1536x1210.jpg 1536w, https:\/\/www.ganuchaud.fr\/grenier\/wp-content\/uploads\/2023\/01\/2_PortraitCollectif-2048x1613.jpg 2048w, https:\/\/www.ganuchaud.fr\/grenier\/wp-content\/uploads\/2023\/01\/2_PortraitCollectif-1200x945.jpg 1200w, https:\/\/www.ganuchaud.fr\/grenier\/wp-content\/uploads\/2023\/01\/2_PortraitCollectif-1980x1560.jpg 1980w\" sizes=\"auto, (max-width: 2560px) 100vw, 2560px\" \/><\/a><figcaption class=\"wp-element-caption\">On note la pr\u00e9sence de la mascotte du quintette (une grenouille-tirelire) aux pieds du groupe. Assis : Marie Foullonneau (\u00e9p. Ganuchaud), participante non-identifi\u00e9e, Pitre Ganuchaud, participante non-identifi\u00e9e. Debouts : quatre membres non-identifi\u00e9s, Joseph Bougo\u00fcin, Georges Ganuchaud, cinq membres non-identifi\u00e9s.<\/figcaption><\/figure>\n\n\n\n<hr class=\"wp-block-separator has-alpha-channel-opacity\"\/>\n\n\n\n<h3 class=\"wp-block-heading alignwide has-text-align-center\">Liste des soir\u00e9es qui ont fait l\u2019objet d\u2019un compte-rendu d\u00e9di\u00e9 (publi\u00e9 \u00e0 la date de la soir\u00e9e)<\/h3>\n\n\n\n<ul class=\"wp-block-list\">\n<li><a href=\"https:\/\/ganuchaud.fr\/grenier\/1891\/02\/07\/diner-du-samedi-gras-de-lannee-1891-chez-m-et-mme-pitre-ganuchaud\/\">Soir\u00e9e d\u00e9guis\u00e9e du samedi 7 f\u00e9vrier 1891 (chez Pitre Ganuchaud)<\/a><\/li>\n<\/ul>\n\n\n\n<hr class=\"wp-block-separator has-alpha-channel-opacity\"\/>\n\n\n\n<h3 class=\"wp-block-heading\">Et voici les statuts du Quintette<\/h3>\n\n\n\n<h4 class=\"wp-block-heading has-text-align-center\">Titre premier<\/h4>\n\n\n\n<h5 class=\"wp-block-heading has-text-align-center\">But et organisation de la Soci\u00e9t\u00e9.<\/h5>\n\n\n\n<p>Art. 1<sup>er<\/sup>. Il est form\u00e9 une association musicale et artistique qui prend le titre de \u00ab&nbsp;<em>Soci\u00e9t\u00e9 du Quintette et de la Chorale du Mercredi<\/em>&nbsp;\u00bb.<\/p>\n\n\n\n<p>Art 2. Elle a pour but&nbsp;:<br>1<sup>o<\/sup>&nbsp;d\u2019ex\u00e9cuter et de faire conna\u00eetre les beaut\u00e9s musicales de tous genres, classiques, modernes, ou fin-de-si\u00e8cle, sans distinction d\u2019\u00e9coles, et de la mani\u00e8re la plus \u00e9clectique.<br>2<sup>o<\/sup>&nbsp;de resserrer les liens de bonne amiti\u00e9 et de confraternit\u00e9 artistique qui existent entre ses membres.<\/p>\n\n\n\n<p>Art 3. Elle comprend&nbsp;:<br>Des membres fondateurs r\u00e9sidents.<br>Des soci\u00e9taires correspondants.<br>Des donateurs.<br>Des soci\u00e9taires.<\/p>\n\n\n\n<p>Art 4. Sont soci\u00e9taires fondateurs r\u00e9sidents, les membres habitant Nantes qui font partie de l\u2019association \u00e0 la date de promulgation des pr\u00e9sents statuts.<\/p>\n\n\n\n<p>Art 5. Sont soci\u00e9taires correspondants, les membres domicili\u00e9s hors Nantes.<\/p>\n\n\n\n<p>Art 6. Sont donateurs, les personnes qui par des dons manuels, ou des legs, contribuent \u00e0 la prosp\u00e9rit\u00e9 de la soci\u00e9t\u00e9.<\/p>\n\n\n\n<p>Art 7. Sont soci\u00e9taires les personnes qui auraient l\u2019honneur d\u2019\u00eatre admises ult\u00e9rieurement \u00e0 faire partie de la soci\u00e9t\u00e9.<\/p>\n\n\n\n<p>Art 8. Tous les soci\u00e9taires s\u2019engagent \u00e0 payer une cotisation annuelle dont le taux est fix\u00e9 \u00e0 <em>Un franc<\/em>.<\/p>\n\n\n\n<p>Art 9. Cessent de faire partie de l\u2019association les soci\u00e9taires qui ont donn\u00e9 leur d\u00e9mission par lettres au Pr\u00e9sident.<\/p>\n\n\n\n<p>Art 10. Dans aucun cas, les versements effectu\u00e9s par les soci\u00e9taires ne pourront donner lieu \u00e0 r\u00e9p\u00e9tition.<\/p>\n\n\n\n<h4 class=\"wp-block-heading has-text-align-center\">Titre second<\/h4>\n\n\n\n<h5 class=\"wp-block-heading has-text-align-center\">Administration.<\/h5>\n\n\n\n<p>Art 11. L\u2019association est administr\u00e9e par un bureau compos\u00e9 d\u2019un Pr\u00e9sident, d\u2019une Pr\u00e9sidente et d\u2019un secr\u00e9taire.<\/p>\n\n\n\n<p>Art 12. Le bureau est \u00e9lu chaque ann\u00e9e par l\u2019Assembl\u00e9e g\u00e9n\u00e9rale au scrutin de liste.<\/p>\n\n\n\n<p>Art 13. Nul n\u2019est \u00e9lu s\u2019il n\u2019a r\u00e9uni l\u2019unanimit\u00e9 des suffrages.<\/p>\n\n\n\n<p>Art 14. Le Pr\u00e9sident d\u2019accord avec la Pr\u00e9sidente dirige les services de l\u2019association&nbsp;; il veille \u00e0 la stricte ex\u00e9cution des statuts, et \u00e0 l\u2019application des mesures adopt\u00e9es par la soci\u00e9t\u00e9. \u00c0 son domicile est d\u00e9pos\u00e9 la banni\u00e8re.<\/p>\n\n\n\n<p>Art 15. Il est charg\u00e9 de la police de toute r\u00e9union et prononce, s\u2019il y a lieu, les rappels \u00e0 l\u2019ordre. C\u2019est \u00e9galement lui qui inflige les amendes apr\u00e8s avoir pris l\u2019avis de l\u2019association.<\/p>\n\n\n\n<p>Art 16. Le secr\u00e9taire est charg\u00e9 d\u2019assurer les services de la correspondance et de la publicit\u00e9. Il r\u00e9dige les rapports des r\u00e9unions et les proc\u00e8s verbaux des s\u00e9ances extraordinaires.<\/p>\n\n\n\n<p>Art 17. Les fonctions de membre du bureau sont gratuites.<\/p>\n\n\n\n<h4 class=\"wp-block-heading has-text-align-center\">Titre troisi\u00e8me<\/h4>\n\n\n\n<h5 class=\"wp-block-heading has-text-align-center\">Recettes et d\u00e9penses.<\/h5>\n\n\n\n<p>Art 18. Les ressources de l\u2019association se composent&nbsp;:<br>1<sup>o<\/sup>&nbsp;du produit des cotisations annuelles.<br>2<sup>o<\/sup>&nbsp;des amendes.<br>3<sup>o<\/sup>&nbsp;des dons et des subventions qui peuvent lui \u00eatre accord\u00e9es.<\/p>\n\n\n\n<p>Art 19. Les amendes sont fix\u00e9es ainsi qu\u2019il suit&nbsp;:<br>1<sup>o<\/sup>&nbsp;Absence d\u2019une r\u00e9union hebdomadaire, sans avis pr\u00e9alable, amende de <em>Un franc<\/em>.<br>2<sup>o<\/sup>&nbsp;Retard d\u2019un quart d\u2019heure et plus, amende de <em>Cinquante centimes<\/em>.<br>3<sup>o<\/sup>&nbsp;Oubli du port de l\u2019insigne \u00e0 chaque r\u00e9union extraordinaire <em>Cinquante centimes<\/em>.<\/p>\n\n\n\n<p>Art 20. Les fonds sont d\u00e9pos\u00e9s dans une grenouille dont la garde est confi\u00e9e au Pr\u00e9sident.<\/p>\n\n\n\n<p>Art 21. Aucune d\u00e9pense ne peut \u00eatre effectu\u00e9e qu\u2019en vertu d\u2019une d\u00e9cision de l\u2019association. Toutefois, des d\u00e9penses urgentes telles que des r\u00e9parations \u00e0 la banni\u00e8re, \u00e0 la tirelire, peuvent \u00eatre autoris\u00e9es par le pr\u00e9sident, sauf approbation ult\u00e9rieure de la soci\u00e9t\u00e9.<\/p>\n\n\n\n<p>Art 22. Emploi des fonds (<em>article r\u00e9serv\u00e9s<\/em>)<\/p>\n\n\n\n<h4 class=\"wp-block-heading has-text-align-center\">Titre quatri\u00e8me<\/h4>\n\n\n\n<h5 class=\"wp-block-heading has-text-align-center\">Dispositions g\u00e9n\u00e9rales.<\/h5>\n\n\n\n<p>Art 23. Chaque ann\u00e9e, les soci\u00e9taires r\u00e9unissent un d\u00eener g\u00e9n\u00e9ral&nbsp;; entendent la lecture des rapports sur les s\u00e9ances de l\u2019ann\u00e9e et sur la situation financi\u00e8re de l\u2019association. Ils votent le budget des recettes et des d\u00e9penses, re\u00e7oivent les comptes du Pr\u00e9sident, et approuvent ou rejettent sa gestion.<br>Ils sont appel\u00e9s en outre \u00e0 r\u00e9viser les statuts, s\u2019il y a lieu, et \u00e0 d\u00e9lib\u00e9rer sur les diff\u00e9rentes propositions \u00e0 l\u2019ordre du jour.<\/p>\n\n\n\n<p>Art 24. Tous les soci\u00e9taires sont tenus d\u2019assister, \u00e0 moins de raisons valables, aux s\u00e9ances du Mercredi\u2026 Autrement, ils sont passibles des amendes \u00e9dict\u00e9es \u00e0 l\u2019art. 19.<\/p>\n\n\n\n<p>Art 25. Au cours de l\u2019ann\u00e9e, chaque soci\u00e9taire est astreint \u00e0 pr\u00e9senter une ex\u00e9cution (solo) d\u2019un morceau nouveau (in\u00e9dit si possible). Les diff\u00e9rents morceaux, ainsi ex\u00e9cut\u00e9s, forment le programme du concert du d\u00eener annuel.<\/p>\n\n\n\n<p>Art 26. Chaque soci\u00e9taire re\u00e7oit un exemplaire des statuts, ainsi qu\u2019un insigne qui \u00e9tablit sa qualit\u00e9 de membre du quintette.<\/p>\n\n\n\n<p>Art 27. Tout projet de modification aux statuts doit faire l\u2019objet d\u2019une p\u00e9tition adress\u00e9e au Pr\u00e9sident.<\/p>\n\n\n\n<p class=\"has-text-align-right\"><em>Le Secr\u00e9taire, Joseph Bourgo\u00fcin.<\/em><\/p>\n","protected":false},"excerpt":{"rendered":"<p>\u00c0 compl\u00e9ter. Le Quintette et Chorale du Mercredi Membres du Quintette identifi\u00e9s (par \u00e2ge d\u00e9croissant ou ordre alphab\u00e9tique) : Historique de la Soci\u00e9t\u00e9 La soci\u00e9t\u00e9 musicale qui devait prendre, dans des temps futurs, le nom glorieux de \u00ab&nbsp;Quintette et Chorale du Mercredi&nbsp;\u00bb eut ses origines dans des r\u00e9unions musicales qui se tenaient depuis 1878 chez [&hellip;]<\/p>\n","protected":false},"author":1,"featured_media":0,"parent":0,"menu_order":0,"comment_status":"closed","ping_status":"closed","template":"","meta":{"footnotes":""},"class_list":["post-153","page","type-page","status-publish","hentry"],"_links":{"self":[{"href":"https:\/\/www.ganuchaud.fr\/grenier\/wp-json\/wp\/v2\/pages\/153","targetHints":{"allow":["GET"]}}],"collection":[{"href":"https:\/\/www.ganuchaud.fr\/grenier\/wp-json\/wp\/v2\/pages"}],"about":[{"href":"https:\/\/www.ganuchaud.fr\/grenier\/wp-json\/wp\/v2\/types\/page"}],"author":[{"embeddable":true,"href":"https:\/\/www.ganuchaud.fr\/grenier\/wp-json\/wp\/v2\/users\/1"}],"replies":[{"embeddable":true,"href":"https:\/\/www.ganuchaud.fr\/grenier\/wp-json\/wp\/v2\/comments?post=153"}],"version-history":[{"count":13,"href":"https:\/\/www.ganuchaud.fr\/grenier\/wp-json\/wp\/v2\/pages\/153\/revisions"}],"predecessor-version":[{"id":302,"href":"https:\/\/www.ganuchaud.fr\/grenier\/wp-json\/wp\/v2\/pages\/153\/revisions\/302"}],"wp:attachment":[{"href":"https:\/\/www.ganuchaud.fr\/grenier\/wp-json\/wp\/v2\/media?parent=153"}],"curies":[{"name":"wp","href":"https:\/\/api.w.org\/{rel}","templated":true}]}}