{"id":63,"date":"2023-01-19T15:30:48","date_gmt":"2023-01-19T14:30:48","guid":{"rendered":"https:\/\/ganuchaud.fr\/grenier\/?page_id=63"},"modified":"2024-07-14T16:58:45","modified_gmt":"2024-07-14T14:58:45","slug":"genealogie","status":"publish","type":"page","link":"https:\/\/www.ganuchaud.fr\/grenier\/genealogie\/","title":{"rendered":"G\u00e9n\u00e9alogie de Pierre Ganuchaud"},"content":{"rendered":"\n<h2 class=\"wp-block-heading has-secondary-color has-text-color\">Sa descendance<\/h2>\n\n\n\n<p><strong>Pierre Ganuchaud<\/strong> a suscit\u00e9 six branches pouvant \u00e0 bon droit se r\u00e9clamer de la maison de commerce Ganuchaud.<\/p>\n\n\n\n<p>Du c\u00f4t\u00e9 de <a href=\"https:\/\/gw.geneanet.org\/pandiculation?lang=fr&amp;iz=8&amp;p=pitre&amp;n=ganuchaud\">Pitre<\/a> (1853-1924) :<\/p>\n\n\n\n<ul class=\"wp-block-list\">\n<li>H\u00e9l\u00e8ne (1895-1937), \u00e9pouse du docteur Raymond <strong>Guibal<\/strong>,<\/li>\n\n\n\n<li>Andr\u00e9e (1897-1994), \u00e9pouse du docteur Louis <strong>Vaton<\/strong> ;<\/li>\n<\/ul>\n\n\n\n<p>Du c\u00f4t\u00e9 de <a href=\"https:\/\/gw.geneanet.org\/pandiculation?lang=fr&amp;p=georges&amp;n=ganuchaud&amp;oc=1\" data-type=\"link\" data-id=\"https:\/\/gw.geneanet.org\/pandiculation?lang=fr&amp;p=georges&amp;n=ganuchaud&amp;oc=1\">Georges<\/a> (1855-1940) :<\/p>\n\n\n\n<ul class=\"wp-block-list\">\n<li>Marie-Louise (1881-1924), \u00e9pouse du banquier Georges <strong>Lory<\/strong>,<\/li>\n\n\n\n<li>Marcelle (1883-1964), \u00e9pouse de l\u2019ing\u00e9nieur Gustave <strong>Furet<\/strong>,<\/li>\n\n\n\n<li>Georges <strong>Ganuchaud<\/strong> (1888-1983), \u00e9poux de Jeanne Adenet,<\/li>\n\n\n\n<li>Jane (1896-1968), \u00e9pouse du commer\u00e7ant Andr\u00e9 <strong>Binet<\/strong>.<\/li>\n<\/ul>\n\n\n\n<p>On rel\u00e8vera la disparition tragique d\u2019Henri, troisi\u00e8me fils de Pierre Ganuchaud, au cours de son service militaire \u00e0 l\u2019\u00e2ge de 20 ans. Outre l\u2019absence de leur fr\u00e8re cadet, Pitre et Georges ont subi le chagrin de la mort de quatre enfants en bas-\u00e2ge (Paul, Juliette, Ren\u00e9 et Pierre).<\/p>\n\n\n\n<h2 class=\"wp-block-heading has-accent-color has-text-color\">Son ascendance<\/h2>\n\n\n\n<p>Pierre Ganuchaud (1821-1876) est l\u2019a\u00een\u00e9 de la nombreuse prog\u00e9niture de Pierre-\u00c9tienne Ganuchaud. <\/p>\n\n\n\n<p class=\"has-drop-cap\">P<strong>ierre-\u00c9tienne Ganuchaud<\/strong> est n\u00e9 \u00e0 Carquefou le 24 fructidor, an III de la R\u00e9publique (soit notre 10 septembre 1795). Il est le fils de Jean Ganuchaud (1749-1818), un enfant de Carquefou et de Jeanne Pageau (1758-1821), une fille du Cellier.<\/p>\n\n\n\n<p>Pierre-\u00c9tienne n\u2019a pas connu la Terreur de premi\u00e8re main mais f\u00eate ses vingt ans moins de deux mois apr\u00e8s la d\u00e9faite de Waterloo. Il fait partie d\u2019une g\u00e9n\u00e9ration sculpt\u00e9e dans la glaise du premier empire et traumatis\u00e9e par la chute en plein vol de l\u2019aigle corse. Ce d\u00e9sarroi a donn\u00e9 lieu aux plus belles pages du romantisme (Henry Beyle, Pierre-Antoine Lebrun ou Victor Hugo \u00ab en sont \u00bb) et a ancr\u00e9 un sentiment bonapartiste profond dans le c\u0153ur de Pierre-\u00c9tienne Ganuchaud.<\/p>\n\n\n\n<p>Il aura la joie de go\u00fbter \u00e0 la revanche de l\u2019id\u00e9e bonapartiste en devenant maire de Carquefou lors de la restauration de l\u2019empire en 1852. Pierre-\u00c9tienne Ganuchaud s\u2019\u00e9teint en paix le 14 mai 1867, \u00e9chappant ainsi aux derni\u00e8res heures du second empire.<\/p>\n","protected":false},"excerpt":{"rendered":"<p>Sa descendance Pierre Ganuchaud a suscit\u00e9 six branches pouvant \u00e0 bon droit se r\u00e9clamer de la maison de commerce Ganuchaud. Du c\u00f4t\u00e9 de Pitre (1853-1924) : Du c\u00f4t\u00e9 de Georges (1855-1940) : On rel\u00e8vera la disparition tragique d\u2019Henri, troisi\u00e8me fils de Pierre Ganuchaud, au cours de son service militaire \u00e0 l\u2019\u00e2ge de 20 ans. Outre [&hellip;]<\/p>\n","protected":false},"author":1,"featured_media":66,"parent":0,"menu_order":0,"comment_status":"closed","ping_status":"closed","template":"","meta":{"footnotes":""},"class_list":["post-63","page","type-page","status-publish","has-post-thumbnail","hentry"],"_links":{"self":[{"href":"https:\/\/www.ganuchaud.fr\/grenier\/wp-json\/wp\/v2\/pages\/63","targetHints":{"allow":["GET"]}}],"collection":[{"href":"https:\/\/www.ganuchaud.fr\/grenier\/wp-json\/wp\/v2\/pages"}],"about":[{"href":"https:\/\/www.ganuchaud.fr\/grenier\/wp-json\/wp\/v2\/types\/page"}],"author":[{"embeddable":true,"href":"https:\/\/www.ganuchaud.fr\/grenier\/wp-json\/wp\/v2\/users\/1"}],"replies":[{"embeddable":true,"href":"https:\/\/www.ganuchaud.fr\/grenier\/wp-json\/wp\/v2\/comments?post=63"}],"version-history":[{"count":7,"href":"https:\/\/www.ganuchaud.fr\/grenier\/wp-json\/wp\/v2\/pages\/63\/revisions"}],"predecessor-version":[{"id":305,"href":"https:\/\/www.ganuchaud.fr\/grenier\/wp-json\/wp\/v2\/pages\/63\/revisions\/305"}],"wp:featuredmedia":[{"embeddable":true,"href":"https:\/\/www.ganuchaud.fr\/grenier\/wp-json\/wp\/v2\/media\/66"}],"wp:attachment":[{"href":"https:\/\/www.ganuchaud.fr\/grenier\/wp-json\/wp\/v2\/media?parent=63"}],"curies":[{"name":"wp","href":"https:\/\/api.w.org\/{rel}","templated":true}]}}